{"id":14,"date":"2023-05-17T18:16:39","date_gmt":"2023-05-17T18:16:39","guid":{"rendered":"https:\/\/ieaconstrutora.com.br\/?page_id=14"},"modified":"2025-06-24T14:20:09","modified_gmt":"2025-06-24T14:20:09","slug":"home","status":"publish","type":"page","link":"https:\/\/ieaconstrutora.com.br\/","title":{"rendered":"Quem somos?"},"content":{"rendered":"\n<p>A <strong>Construtora IEA<\/strong> \u00e9 uma empresa que carrega na sua ess\u00eancia o compromisso com a excel\u00eancia, a qualidade e a responsabilidade em cada projeto executado. Atuamos no setor da constru\u00e7\u00e3o civil com solu\u00e7\u00f5es completas para obras <strong>residenciais, comerciais e industriais<\/strong>, oferecendo desde a funda\u00e7\u00e3o at\u00e9 o acabamento, com m\u00e3o de obra especializada e uma gest\u00e3o eficiente, pautada na seguran\u00e7a, prazos e alto padr\u00e3o de execu\u00e7\u00e3o.<\/p>\n\n\n\n<p>Com uma trajet\u00f3ria constru\u00edda sobre pilares s\u00f3lidos como \u00e9tica, comprometimento e inova\u00e7\u00e3o, a IEA se destaca pela versatilidade de servi\u00e7os. Atendemos demandas que v\u00e3o desde <strong>obras de pequeno, m\u00e9dio e grande porte<\/strong>, reformas, manuten\u00e7\u00f5es, at\u00e9 servi\u00e7os t\u00e9cnicos especializados, como:<\/p>\n\n\n\n<ul class=\"wp-block-list\">\n<li><strong>Funda\u00e7\u00f5es, alvenarias, revestimentos e telhados<\/strong><\/li>\n\n\n\n<li><strong>Hidr\u00e1ulica, el\u00e9trica e esgoto<\/strong><\/li>\n\n\n\n<li><strong>Gesso, esquadrias, serralheria e vidros<\/strong><\/li>\n\n\n\n<li><strong>Refrigera\u00e7\u00e3o, climatiza\u00e7\u00e3o e redes el\u00e9tricas<\/strong><\/li>\n\n\n\n<li><strong>Servi\u00e7os industriais, limpeza t\u00e9cnica e jardinagem<\/strong><\/li>\n\n\n\n<li><strong>Execu\u00e7\u00e3o de trabalhos em altura e projetos espec\u00edficos no modelo Homem x Hora<\/strong><\/li>\n<\/ul>\n\n\n\n<p>Nosso prop\u00f3sito \u00e9 entregar mais do que obras \u2014 <strong>entregamos solu\u00e7\u00f5es inteligentes, seguras e que geram valor para nossos clientes e parceiros.<\/strong><\/p>\n\n\n\n<p>Contamos com uma equipe altamente capacitada, comprometida em oferecer atendimento personalizado, cumprimento rigoroso dos prazos e excel\u00eancia nos detalhes, sempre priorizando a satisfa\u00e7\u00e3o total dos nossos clientes.<\/p>\n\n\n\n<p>Seja para construir, reformar ou manter, <strong>a IEA \u00e9 a sua parceira certa em constru\u00e7\u00e3o civil.<\/strong><\/p>\n","protected":false},"excerpt":{"rendered":"<p>A Construtora IEA \u00e9 uma empresa que carrega na sua ess\u00eancia o compromisso com a excel\u00eancia, a qualidade e a responsabilidade em cada projeto executado. Atuamos no setor da constru\u00e7\u00e3o civil com solu\u00e7\u00f5es completas para obras residenciais, comerciais e industriais, oferecendo desde a funda\u00e7\u00e3o at\u00e9 o acabamento, com m\u00e3o de obra especializada e uma gest\u00e3o [&hellip;]<\/p>\n","protected":false},"author":1,"featured_media":0,"parent":0,"menu_order":0,"comment_status":"open","ping_status":"closed","template":"","meta":{"footnotes":""},"class_list":["post-14","page","type-page","status-publish","hentry"],"_links":{"self":[{"href":"https:\/\/ieaconstrutora.com.br\/index.php?rest_route=\/wp\/v2\/pages\/14","targetHints":{"allow":["GET"]}}],"collection":[{"href":"https:\/\/ieaconstrutora.com.br\/index.php?rest_route=\/wp\/v2\/pages"}],"about":[{"href":"https:\/\/ieaconstrutora.com.br\/index.php?rest_route=\/wp\/v2\/types\/page"}],"author":[{"embeddable":true,"href":"https:\/\/ieaconstrutora.com.br\/index.php?rest_route=\/wp\/v2\/users\/1"}],"replies":[{"embeddable":true,"href":"https:\/\/ieaconstrutora.com.br\/index.php?rest_route=%2Fwp%2Fv2%2Fcomments&post=14"}],"version-history":[{"count":4,"href":"https:\/\/ieaconstrutora.com.br\/index.php?rest_route=\/wp\/v2\/pages\/14\/revisions"}],"predecessor-version":[{"id":66,"href":"https:\/\/ieaconstrutora.com.br\/index.php?rest_route=\/wp\/v2\/pages\/14\/revisions\/66"}],"wp:attachment":[{"href":"https:\/\/ieaconstrutora.com.br\/index.php?rest_route=%2Fwp%2Fv2%2Fmedia&parent=14"}],"curies":[{"name":"wp","href":"https:\/\/api.w.org\/{rel}","templated":true}]}}